 factors of z.
101
Let z(r) = -3*r**3 - 4*r**2 - r + 2. What are the prime factors of z(-2)?
2, 3
Let h(i) = -i**2 + 5*i + 1. Let n(r) = 3*r**2 - 15*r - 2. Let p(y) = -8*h(y) - 3*n(y). Let o be p(4). What are the prime factors of 19/2 - o/(-4)?
2, 5
Let x(s) = 10*s**2 + 7*s - 10. What are the prime factors of x(-6)?
2, 7, 11
Suppose -l = -6*l - 3*c + 34, -2*l - 4*c = -22. What are the prime factors of l?
5
What are the prime factors of 11 + -1 + -6 + 3?
7
Let w(f) = -f**2 - 2*f. Let o be w(-1). Suppose 13 = 4*z + o. List the prime factors of z.
3
Suppose 2*h - j = 258, 4*j - 396 = -5*h + 275. List the prime factors of h.
131
Let r(x) = -x**2 - 11*x + 7. Let z be r(-5). Suppose -5*q - 2 + z = 0. What are the prime factors of q?
7
Suppose 0 = -3*s - 5*c - 6, -10 - 2 = -5*s - c. Suppose -32 = -s*h + h. What are the prime factors of h?
2
Let j be -208*(-1)/(4/2). Suppose -4*b = 5*z - j, b + 2*b - 3*z = 105. Suppose b + 14 = 5*l. List the prime factors of l.
3
Suppose -767 - 923 = -10*p. What are the prime factors of p?
13
Let m(c) = 4*c - 8. Suppose -4*r + 5*q = -r + 3, 3*r = 2*q + 6. List the prime factors of m(r).
2
Let p(c) be the third derivative of -c**4/2 - c**3/3 - 4*c**2. What are the prime factors of p(-3)?
2, 17
Suppose -5*w = -204 - 216. List the prime factors of w.
2, 3, 7
Let y = -10 + 15. Suppose 0 = 3*j - y*n + 6 + 1, 5*j + 3*n - 45 = 0. What are the prime factors of j*3 - 6/3?
2
Let c = -202 - -305. List the prime factors of c.
103
Let o(d) = -2*d**3 + d - 2*d + d**2 + 3*d**3 + 12. Let x = -15 + 15. What are the prime factors of o(x)?
2, 3
Suppose 0 = 2*a + 3*a + 75. Let s = -10 - a. Let y = 14 - s. List the prime factors of y.
3
Suppose -j - 3 + 5 = 0. Suppose 0 = u - 5 - j. List the prime factors of u.
7
Suppose -6 = -3*c + 4*p, -10 = -3*c - 2*c + 3*p. List the prime factors of (4 - 6)*c/(-2).
2
Let a be (0 + 2/2)*0. Suppose -3*b + a*b = 0. Let g = 14 + b. List the prime factors of g.
2, 7
What are the prime factors of 35*((-2)/10 + 2)?
3, 7
Suppose 0 = -4*a - 5*c + 320, -3*c = -4*a - a + 400. List the prime factors of a.
2, 5
Suppose -z - 5 = -2*w, 0*z + 5*w = -4*z + 6. Let k = z + 11. What are the prime factors of k?
2, 5
Let b(n) be the first derivative of -1/3*n**3 + 7/2*n**2 - 3 + 3*n. What are the prime factors of b(6)?
3
List the prime factors of 182*(2 - -2 - 3).
2, 7, 13
Let n be 1197/14*16/6. Suppose -2*r = -3*r + 4, 0 = -q + 4*r + 4. What are the prime factors of 2/(-5) + n/q?
11
Suppose 5*k = -4*q + 232, 20 = 3*k + 2*k. What are the prime factors of q?
53
Suppose 0 = 3*l - 207 + 12. List the prime factors of l.
5, 13
Suppose -n = -l - 119, 4*l = 5*n + 8*l - 577. What are the prime factors of n?
3, 13
Let r(c) be the third derivative of c**5/60 - c**4/8 - c**3 - 4*c**2. What are the prime factors of r(6)?
2, 3
Let n(u) = u + 2. Let o be n(-5). Let f = o + 3. Let b(k) = -k**2 + 5. What are the prime factors of b(f)?
5
Let v = -29 - -30. Let p(o) = -2 + 2 + 7*o**2. List the prime factors of p(v).
7
Suppose 8 = q + q. Suppose 221 = 5*r + 41. Suppose -4*w + q = -r. What are the prime factors of w?
2, 5
Suppose 4*u + 0*u + 128 = 3*o, -4*u - 3*o = 128. Let h = u - -59. List the prime factors of h.
3
Suppose 0 = 3*z - 5*w - 634, 0 = -0*w - 5*w + 20. What are the prime factors of z?
2, 109
List the prime factors of -5 - -11 - -2*2.
2, 5
Let p(s) = s**3 + 13*s**2 - 5*s - 38. List the prime factors of p(-9).
331
Let v(f) = f + 80. Let l be v(0). Suppose -4*x - q + l = -6*q, -4*q = 5*x - 59. List the prime factors of x.
3, 5
Let h = 1 + 3. Let s be 3/2 + h/(-8). What are the prime factors of s/(2/28*2)?
7
Suppose 0 = 11*a - 1110 + 43. List the prime factors of a.
97
Let y(m) = m**3 + 10*m**2 - 11*m + 6. Let o be y(-11). Suppose 8*n - o*n - 6 = 0. What are the prime factors of (2 - -8) + n + -4?
3
Suppose -20*u + 310 = -18*u. List the prime factors of u.
5, 31
Let m = -48 - -68. Suppose -n + m + 5 = 0. List the prime factors of n.
5
Suppose -99*v + 726 = -97*v. List the prime factors of v.
3, 11
Let c(t) = 25*t. Let q be c(2). Suppose 0 = -2*x - 0*x + q. Let f = -10 + x. What are the prime factors of f?
3, 5
Let b = -12 - -7. Let a(u) = -u**3 - 5*u**2 - 5*u + 7. What are the prime factors of a(b)?
2
Suppose -4*v = -6 - 2. Suppose 3*f + 6 = 2*s + f, -f - 7 = -v*s. Suppose -a + 0*r + 9 = -2*r, -r = s*a - 27. List the prime factors of a.
7
Let o = -8 - -10. Suppose t + 2*d = 4, 0*t + 3*t - o*d = 4. List the prime factors of 2*((-39)/(-6) + t).
17
Suppose -t + 14 = -1. List the prime factors of t.
3, 5
Let d = -7 - 6. Let g = -31 - d. List the prime factors of (-44)/(-6)*g/(-12).
11
Suppose 0 = h + 4*r - 22, -2*h + 5*r - 2 - 6 = 0. What are the prime factors of h?
2, 3
Let r(w) = -5*w - 4. Let g be r(-5). Suppose -g = -0*u - u. List the prime factors of u.
3, 7
Suppose 3*m + 50 - 137 = 0. List the prime factors of m.
29
List the prime factors of (-1094)/(-10) + 10/(-25).
109
Suppose -j = -i - 1, 2*i + 0*j = j. Let b be (-16 + -2 + i)*-4. Suppose 3*q = -4*h + 44, -5*q + h - 5*h = -b. What are the prime factors of q?
2, 3
Let g(b) = 34*b**3 + 2*b**2 - b. What are the prime factors of g(1)?
5, 7
Let y(b) = b**2 - 2. Let t be y(-2). Let n be 1 - t - -1*25. Let r = n - 17. What are the prime factors of r?
7
Suppose 6 = i - 1. Let r = i - 11. Let g(u) = u**2 + u + 3. What are the prime factors of g(r)?
3, 5
Let r be 2/(-2 + 1) - -8. What are the prime factors of (r/(-4))/(3/(-26))?
13
Suppose 0 = -2*m - 9 + 51. Suppose 4*w + 3 - m = p, 5*w - 33 = -4*p. Suppose 0 = -w*g - 0*g - 5*o + 35, 26 = 5*g - 4*o. What are the prime factors of g?
2, 3
Let q = 0 - -3. Suppose -5*j - v + 34 = -4*v, 0 = -q*j - v + 12. Let l = 7 - j. What are the prime factors of l?
2
Suppose 2*c = 4, 0*c = -4*t + c + 194. Suppose j + t = 3*z, z - 22 = -2*j - 1. List the prime factors of z.
17
Suppose 3 = -x - 0, -4*h = -5*x - 163. List the prime factors of h.
37
Let p be ((-125)/(-15))/((-1)/(-3)). Let a = p - 9. List the prime factors of a.
2
Let n(c) = 40*c**2 - 2*c + 5. List the prime factors of n(2).
7, 23
Let f = -8 + 22. What are the prime factors of f?
2, 7
Suppose 4*y = -3*m + 7 + 7, 4*m - 14 = -3*y. What are the prime factors of (-1)/m*(5 - 73)?
2, 17
Suppose n - 90 = -2*c + 36, 0 = -3*c. List the prime factors of n.
2, 3, 7
Let l = -22 - -8. Let s be ((-6)/7)/((-2)/l). List the prime factors of (-2)/1 + (3 - s).
7
Let i = 33 - 20. Let g be 1 + 0 + 4 + -1. Suppose -i = -t - g. What are the prime factors of t?
3
Let i = -33 + 76. List the prime factors of i.
43
Suppose -5*j - 2*i = -4*j - 57, 3*i - 60 = -j. What are the prime factors of j?
3, 17
Suppose -4*c + 0*c - x = -3, 12 = c + 4*x. Let g be c/2 + 1 - 3. List the prime factors of 14/21*(-39)/g.
13
What are the prime factors of 131 + (3/(-2))/((-6)/(-8))?
3, 43
Let p(j) = -10*j**2 + 27*j - 13. Let g(x) = 3*x**2 - 9*x + 4. Let k(q) = 7*g(q) + 2*p(q). Let f be k(7). List the prime factors of f/(-15)*(-50)/(-4).
2, 5
Let o(h) = -14 - h + 3 - 9*h**2 - 9*h - h**3. Suppose 2*a = -a - 24. What are the prime factors of o(a)?
5
Let h(l) = -l**2 - l + 4. Let u be h(-5). Let d = 9 - u. What are the prime factors of d?
5
Let w be 8/(2*2/8). Let f be 4/10 - w/(-10). Suppose -f*x = -32 + 10. What are the prime factors of x?
11
Suppose -6 = -3*a + a. Suppose -4*w = -a*g + 41, -g + w - 2 + 17 = 0. What are the prime factors of g?
19
Let g(y) = -25*y + 3. What are the prime factors of g(-1)?
2, 7
Let m(s) = 3*s + 21. Let a(o) = o + 10. Let q(i) = 5*a(i) - 2*m(i). List the prime factors of q(-6).
2, 7
Let l be (-342)/(-30) + 2/(-5). Let h = l + -7. What are the prime factors of h?
2
Let o(w) = 2*w**2 + 3*w. Let f be o(-2). Suppose 6 = f*v - 26. What are the prime factors of v?
2
Suppose 11 = 3*d - 7. Let h(c) = -c**3 - 2*c**2 + 4*c + 3. Let j be h(-3). Suppose -d = -l - j*l. List the prime factors of l.
2, 3
Let k(r) = -r**3 - 6*r**2 + 7*r + 1. Let p be k(-7). Let b be (2 + 0)*(1 + p). What are the prime factors of -2*(-1)/(-2) + b?
3
Let p(f) be the third derivative of f**5/30 + f**4/6 + f**3/3 + 2*f**2. Let d be p(-2). What are the prime factors of (-13)/(-2) - 1/d?
2, 3
Suppose 4*z - 13 - 15 = 0. Suppose -4*h + 1 = -z. List the prime factors of h/6 - 46/(-6).
2
Let z = -87 + 134. Suppose -i + 4*h + 39 = 0, h - 64 = -5*i